{"id":512,"date":"2018-12-12T09:11:27","date_gmt":"2018-12-12T08:11:27","guid":{"rendered":"http:\/\/acfoi.com\/?page_id=512"},"modified":"2018-12-12T09:11:27","modified_gmt":"2018-12-12T08:11:27","slug":"formation-au-developpement-durable-sd-21000","status":"publish","type":"page","link":"https:\/\/acfoi.com\/index.php\/formation\/hygiene-qualite-securite-environnement-2\/formation-au-developpement-durable-sd-21000\/","title":{"rendered":"Formation au D\u00e9veloppement Durable \/ SD 21000"},"content":{"rendered":"<h2 style=\"text-align: left;\" align=\"right\">ISO 14\u00a0001 \/ D\u00e9veloppement Durable<\/h2>\n<h4>Objectifs<\/h4>\n<ul>\n<li>Comprendre les enjeux du D\u00e9veloppement Durable<\/li>\n<li>Savoir mettre en \u0153uvre une d\u00e9marche de d\u00e9veloppement durable<\/li>\n<li>D\u00e9terminer les bases sur lesquelles repose une d\u00e9marche dans le D\u00e9veloppement Durable<\/li>\n<\/ul>\n<h4>Public<\/h4>\n<ul>\n<li>Toutes personnes d\u00e9sirants comprendre les enjeux du D\u00e9veloppement Durable<\/li>\n<\/ul>\n<h4>M\u00e9thode p\u00e9dagogique<\/h4>\n<ul>\n<li>M\u00e9thode fond\u00e9e sur une dynamique interactive reliant les connaissances, les comp\u00e9tences et vos objectifs de performances qui vous sont sp\u00e9cifiques,<\/li>\n<li>D\u00e9veloppement d\u2019une approche personnalis\u00e9e visant \u00e0 optimiser les performances des personnes en formation,<\/li>\n<li>Des cas pratiques permettent d&rsquo;identifier les points cl\u00e9s d\u2019une d\u00e9marche qualit\u00e9 et la mise en \u0153uvre.<\/li>\n<li>Appropriation des contenus de formation par des mises en situation sur des cas en entreprise<\/li>\n<li>Les cours alternent entre une partie th\u00e9orique 60% et une partie pratique 40% sous forme d\u2019exercice pratique.<\/li>\n<\/ul>\n<h4 style=\"text-align: left;\" align=\"center\">Programme de formation<\/h4>\n<ul>\n<li>G\u00e9n\u00e9ralit\u00e9s\n<ul>\n<li>Historique<\/li>\n<li>Les 3 sph\u00e8res du DD<\/li>\n<li>Contexte<\/li>\n<\/ul>\n<\/li>\n<li style=\"list-style-type: none;\"><\/li>\n<li>Pr\u00e9occupation des acteurs\n<ul>\n<li>Enjeux<\/li>\n<li>Avantages<\/li>\n<li>Le DD pour une entreprise<\/li>\n<\/ul>\n<\/li>\n<li style=\"list-style-type: none;\"><\/li>\n<li>Des outils\n<ul>\n<li>D\u00e9marche SD 21000<\/li>\n<\/ul>\n<\/li>\n<li>Aspect environnemental<\/li>\n<li style=\"list-style-type: none;\">\n<ul>\n<li>Contraintes \/ freins<\/li>\n<li>Aides<\/li>\n<\/ul>\n<\/li>\n<li style=\"list-style-type: none;\"><\/li>\n<li>Les 16 principes gagnants<\/li>\n<li>Objectifs et strat\u00e9gie pour un DD<\/li>\n<\/ul>\n<h4>Dur\u00e9e et tarifs<\/h4>\n<ul>\n<li>Intra-entreprise\u00a0: 1 jour, 750 \u20ac HT\/jour<\/li>\n<li>Inter-entreprises\u00a0: 1 jour, 250 \u20ac HT\/jour\/personne, repas compris<\/li>\n<\/ul>\n<p>&nbsp;<\/p>\n","protected":false},"excerpt":{"rendered":"<p>ISO 14\u00a0001 \/ D\u00e9veloppement Durable Objectifs Comprendre les enjeux du D\u00e9veloppement Durable Savoir mettre en \u0153uvre une d\u00e9marche de d\u00e9veloppement durable D\u00e9terminer les bases sur lesquelles repose une d\u00e9marche dans le D\u00e9veloppement Durable Public Toutes personnes d\u00e9sirants comprendre les enjeux du D\u00e9veloppement Durable M\u00e9thode p\u00e9dagogique M\u00e9thode fond\u00e9e sur une dynamique interactive reliant les connaissances, les&hellip;&nbsp;<a href=\"https:\/\/acfoi.com\/index.php\/formation\/hygiene-qualite-securite-environnement-2\/formation-au-developpement-durable-sd-21000\/\" rel=\"bookmark\">Lire la suite &raquo;<span class=\"screen-reader-text\">Formation au D\u00e9veloppement Durable \/ SD 21000<\/span><\/a><\/p>\n","protected":false},"author":1,"featured_media":0,"parent":430,"menu_order":0,"comment_status":"closed","ping_status":"closed","template":"","meta":{"neve_meta_sidebar":"","neve_meta_container":"","neve_meta_enable_content_width":"","neve_meta_content_width":70,"neve_meta_title_alignment":"","neve_meta_author_avatar":"","neve_post_elements_order":"","neve_meta_disable_header":"","neve_meta_disable_footer":"","neve_meta_disable_title":"","footnotes":""},"class_list":["post-512","page","type-page","status-publish","hentry"],"_links":{"self":[{"href":"https:\/\/acfoi.com\/index.php\/wp-json\/wp\/v2\/pages\/512","targetHints":{"allow":["GET"]}}],"collection":[{"href":"https:\/\/acfoi.com\/index.php\/wp-json\/wp\/v2\/pages"}],"about":[{"href":"https:\/\/acfoi.com\/index.php\/wp-json\/wp\/v2\/types\/page"}],"author":[{"embeddable":true,"href":"https:\/\/acfoi.com\/index.php\/wp-json\/wp\/v2\/users\/1"}],"replies":[{"embeddable":true,"href":"https:\/\/acfoi.com\/index.php\/wp-json\/wp\/v2\/comments?post=512"}],"version-history":[{"count":1,"href":"https:\/\/acfoi.com\/index.php\/wp-json\/wp\/v2\/pages\/512\/revisions"}],"predecessor-version":[{"id":513,"href":"https:\/\/acfoi.com\/index.php\/wp-json\/wp\/v2\/pages\/512\/revisions\/513"}],"up":[{"embeddable":true,"href":"https:\/\/acfoi.com\/index.php\/wp-json\/wp\/v2\/pages\/430"}],"wp:attachment":[{"href":"https:\/\/acfoi.com\/index.php\/wp-json\/wp\/v2\/media?parent=512"}],"curies":[{"name":"wp","href":"https:\/\/api.w.org\/{rel}","templated":true}]}}