{"id":447,"date":"2018-12-10T20:57:45","date_gmt":"2018-12-10T19:57:45","guid":{"rendered":"http:\/\/acfoi.com\/?page_id=447"},"modified":"2018-12-10T20:57:45","modified_gmt":"2018-12-10T19:57:45","slug":"perfectionner-ses-audits-fournisseurs","status":"publish","type":"page","link":"https:\/\/acfoi.com\/index.php\/formation\/hygiene-qualite-securite-environnement-2\/perfectionner-ses-audits-fournisseurs\/","title":{"rendered":"Perfectionner ses audits fournisseurs"},"content":{"rendered":"<h4>Objectifs<\/h4>\n<ul>\n<li>Ma\u00eetriser points cl\u00e9s, sp\u00e9cificit\u00e9s et risques li\u00e9s au contexte de l\u2019audit fournisseur.<\/li>\n<li>Pr\u00e9parer et r\u00e9aliser jusqu&rsquo;au rapport, l&rsquo;audit d&rsquo;un fournisseur.<\/li>\n<\/ul>\n<h4>Public<\/h4>\n<ul>\n<li>Acheteur, responsable qualit\u00e9, Logisticien, responsable achat<\/li>\n<\/ul>\n<h4>M\u00e9thode p\u00e9dagogique<\/h4>\n<ul>\n<li>Participation interactive<\/li>\n<li>Etude de cas pratique<\/li>\n<li>Mise en situation d\u2019auditeur<\/li>\n<\/ul>\n<h4 style=\"text-align: left;\" align=\"center\">Programme de formation<\/h4>\n<ol>\n<li>Le contexte des audits fournisseurs en entreprises<\/li>\n<\/ol>\n<ul>\n<li>Typologie des achats (FDX 50-128)<\/li>\n<li>L\u2019audit\u00a0: une composante de la politique d\u2019achats<\/li>\n<li>La criticit\u00e9 du couple produit\/fournisseur<\/li>\n<li>Le processus de ma\u00eetrise de la qualit\u00e9 fournisseur<\/li>\n<li>Exemple d\u2019objectif pour un audit fournisseur<\/li>\n<li>Amorce de crit\u00e8res d\u2019audit pour un fournisseur&nbsp;<\/li>\n<li>Les r\u00e9f\u00e9rentiels normatifs et les fournisseurs<\/li>\n<li>ISO 9001, 14001, OHSAS 18001, SA 8000<\/li>\n<li style=\"list-style-type: none;\"><\/li>\n<\/ul>\n<ol start=\"2\">\n<li>Les sp\u00e9cificit\u00e9s d\u2019un audit fournisseur<\/li>\n<\/ol>\n<ul>\n<li>Les 3 types d\u2019audits<\/li>\n<li>Les circonstances pour d\u00e9clencher un audit fournisseur<\/li>\n<li>L\u2019\u00e9tendue de l\u2019audit fournisseur<\/li>\n<li>Un fil rouge pour l\u2019audit fournisseur<\/li>\n<li style=\"list-style-type: none;\"><\/li>\n<\/ul>\n<ol start=\"3\">\n<li>La pr\u00e9paration d\u2019un audit fournisseur<\/li>\n<\/ol>\n<ul>\n<li>Exemples d\u2019informations n\u00e9cessaires \u00e0 une bonne pr\u00e9paration<\/li>\n<li>Le syst\u00e8me de cotation<\/li>\n<li>L\u2019audit fournisseur et ses points sensibles<\/li>\n<li>Actions pr\u00e9ventives sur les points sensibles<\/li>\n<li>Les r\u00e8gles d\u2019or pour l\u2019audit fournisseur<\/li>\n<li>Les \u00e9cueils \u00e0 \u00e9viter<\/li>\n<li style=\"list-style-type: none;\"><\/li>\n<\/ul>\n<h4>Dur\u00e9e et tarifs<\/h4>\n<ul>\n<li>Intra-entreprise\u00a0: 2 jours, 750 \u20ac HT\/jour<\/li>\n<li>Inter-entreprises\u00a0: 2 jours, 250 \u20ac HT\/jour\/personne, repas compris<\/li>\n<\/ul>\n<p>&nbsp;<\/p>\n<p>&nbsp;<\/p>\n","protected":false},"excerpt":{"rendered":"<p>Objectifs Ma\u00eetriser points cl\u00e9s, sp\u00e9cificit\u00e9s et risques li\u00e9s au contexte de l\u2019audit fournisseur. Pr\u00e9parer et r\u00e9aliser jusqu&rsquo;au rapport, l&rsquo;audit d&rsquo;un fournisseur. Public Acheteur, responsable qualit\u00e9, Logisticien, responsable achat M\u00e9thode p\u00e9dagogique Participation interactive Etude de cas pratique Mise en situation d\u2019auditeur Programme de formation Le contexte des audits fournisseurs en entreprises Typologie des achats (FDX 50-128)&hellip;&nbsp;<a href=\"https:\/\/acfoi.com\/index.php\/formation\/hygiene-qualite-securite-environnement-2\/perfectionner-ses-audits-fournisseurs\/\" rel=\"bookmark\">Lire la suite &raquo;<span class=\"screen-reader-text\">Perfectionner ses audits fournisseurs<\/span><\/a><\/p>\n","protected":false},"author":1,"featured_media":0,"parent":430,"menu_order":0,"comment_status":"closed","ping_status":"closed","template":"","meta":{"neve_meta_sidebar":"","neve_meta_container":"","neve_meta_enable_content_width":"","neve_meta_content_width":70,"neve_meta_title_alignment":"","neve_meta_author_avatar":"","neve_post_elements_order":"","neve_meta_disable_header":"","neve_meta_disable_footer":"","neve_meta_disable_title":"","footnotes":""},"class_list":["post-447","page","type-page","status-publish","hentry"],"_links":{"self":[{"href":"https:\/\/acfoi.com\/index.php\/wp-json\/wp\/v2\/pages\/447","targetHints":{"allow":["GET"]}}],"collection":[{"href":"https:\/\/acfoi.com\/index.php\/wp-json\/wp\/v2\/pages"}],"about":[{"href":"https:\/\/acfoi.com\/index.php\/wp-json\/wp\/v2\/types\/page"}],"author":[{"embeddable":true,"href":"https:\/\/acfoi.com\/index.php\/wp-json\/wp\/v2\/users\/1"}],"replies":[{"embeddable":true,"href":"https:\/\/acfoi.com\/index.php\/wp-json\/wp\/v2\/comments?post=447"}],"version-history":[{"count":1,"href":"https:\/\/acfoi.com\/index.php\/wp-json\/wp\/v2\/pages\/447\/revisions"}],"predecessor-version":[{"id":448,"href":"https:\/\/acfoi.com\/index.php\/wp-json\/wp\/v2\/pages\/447\/revisions\/448"}],"up":[{"embeddable":true,"href":"https:\/\/acfoi.com\/index.php\/wp-json\/wp\/v2\/pages\/430"}],"wp:attachment":[{"href":"https:\/\/acfoi.com\/index.php\/wp-json\/wp\/v2\/media?parent=447"}],"curies":[{"name":"wp","href":"https:\/\/api.w.org\/{rel}","templated":true}]}}