{"id":440,"date":"2018-12-10T19:30:33","date_gmt":"2018-12-10T18:30:33","guid":{"rendered":"http:\/\/acfoi.com\/?page_id=440"},"modified":"2018-12-10T19:30:33","modified_gmt":"2018-12-10T18:30:33","slug":"mise-en-place-dune-demarche-de-certification-multi-sites","status":"publish","type":"page","link":"https:\/\/acfoi.com\/index.php\/formation\/hygiene-qualite-securite-environnement-2\/mise-en-place-dune-demarche-de-certification-multi-sites\/","title":{"rendered":"Mise en place d\u2019une d\u00e9marche de certification multi-sites"},"content":{"rendered":"<h4>Objectifs<\/h4>\n<ul>\n<li>Conna\u00eetre les exigences sp\u00e9cifiques aux d\u00e9marches multi-sites<\/li>\n<li>Ma\u00eetriser les \u00e9tapes \u00e0 suivre pour construire et faire vivre un syst\u00e8me de management multi-sites<\/li>\n<li>\u00catre capable de conduire un projet de certification multi-sites<\/li>\n<\/ul>\n<h4>Public<\/h4>\n<ul>\n<li>Toute personne concern\u00e9e par la mise en place d\u2019\u2019un Syst\u00e8me de Management Multi sites<\/li>\n<\/ul>\n<h4>M\u00e9thode p\u00e9dagogique<\/h4>\n<ul>\n<li>Approche th\u00e9orique et pratique des diff\u00e9rents points abord\u00e9s<\/li>\n<li>Int\u00e9gration des sp\u00e9cificit\u00e9s propres \u00e0 toute structure pr\u00e9sente<\/li>\n<li>Formation illustr\u00e9e par des exemples concrets r\u00e9ellement trait\u00e9s par le formateur et les cas apport\u00e9s par les participants.<\/li>\n<\/ul>\n<h4 style=\"text-align: left;\" align=\"center\">Programme de formation<\/h4>\n<ul>\n<li>Rappel des exigences en lien avec les syst\u00e8mes de certification<\/li>\n<li>Pr\u00e9 requis<\/li>\n<li>Principes<\/li>\n<li>Exigences<\/li>\n<\/ul>\n<ol start=\"2\">\n<li>Diff\u00e9rences g\u00e9n\u00e9rales entre une d\u00e9marche mono site et multi sites<\/li>\n<\/ol>\n<ul>\n<li>D\u00e9finitions g\u00e9n\u00e9rales<\/li>\n<li>Exclusions<\/li>\n<li>D\u00e9finition d\u2019un site<\/li>\n<li>Les pilotes de processus<\/li>\n<li>Gestion des non conformit\u00e9s<\/li>\n<li>R\u00e8gle d\u2019\u00e9chantillonnage<\/li>\n<li>Crit\u00e8re d\u2019\u00e9ligibilit\u00e9<\/li>\n<li>Documents de certification<\/li>\n<li>Avantage et inconv\u00e9nients<\/li>\n<li style=\"list-style-type: none;\"><\/li>\n<\/ul>\n<ol start=\"3\">\n<li>Focus sur le guide IAF MD1-2007<\/li>\n<\/ol>\n<h4>Dur\u00e9e et tarifs<\/h4>\n<ul>\n<li>Intra-entreprise\u00a0: 1 jour, 750 \u20ac HT\/jour<\/li>\n<li>Inter-entreprises\u00a0: 1 jour, 250 \u20ac HT\/jour\/personne, repas compris<\/li>\n<\/ul>\n<p>&nbsp;<\/p>\n","protected":false},"excerpt":{"rendered":"<p>Objectifs Conna\u00eetre les exigences sp\u00e9cifiques aux d\u00e9marches multi-sites Ma\u00eetriser les \u00e9tapes \u00e0 suivre pour construire et faire vivre un syst\u00e8me de management multi-sites \u00catre capable de conduire un projet de certification multi-sites Public Toute personne concern\u00e9e par la mise en place d\u2019\u2019un Syst\u00e8me de Management Multi sites M\u00e9thode p\u00e9dagogique Approche th\u00e9orique et pratique des diff\u00e9rents&hellip;&nbsp;<a href=\"https:\/\/acfoi.com\/index.php\/formation\/hygiene-qualite-securite-environnement-2\/mise-en-place-dune-demarche-de-certification-multi-sites\/\" rel=\"bookmark\">Lire la suite &raquo;<span class=\"screen-reader-text\">Mise en place d\u2019une d\u00e9marche de certification multi-sites<\/span><\/a><\/p>\n","protected":false},"author":1,"featured_media":0,"parent":430,"menu_order":0,"comment_status":"closed","ping_status":"closed","template":"","meta":{"neve_meta_sidebar":"","neve_meta_container":"","neve_meta_enable_content_width":"","neve_meta_content_width":70,"neve_meta_title_alignment":"","neve_meta_author_avatar":"","neve_post_elements_order":"","neve_meta_disable_header":"","neve_meta_disable_footer":"","neve_meta_disable_title":"","footnotes":""},"class_list":["post-440","page","type-page","status-publish","hentry"],"_links":{"self":[{"href":"https:\/\/acfoi.com\/index.php\/wp-json\/wp\/v2\/pages\/440","targetHints":{"allow":["GET"]}}],"collection":[{"href":"https:\/\/acfoi.com\/index.php\/wp-json\/wp\/v2\/pages"}],"about":[{"href":"https:\/\/acfoi.com\/index.php\/wp-json\/wp\/v2\/types\/page"}],"author":[{"embeddable":true,"href":"https:\/\/acfoi.com\/index.php\/wp-json\/wp\/v2\/users\/1"}],"replies":[{"embeddable":true,"href":"https:\/\/acfoi.com\/index.php\/wp-json\/wp\/v2\/comments?post=440"}],"version-history":[{"count":1,"href":"https:\/\/acfoi.com\/index.php\/wp-json\/wp\/v2\/pages\/440\/revisions"}],"predecessor-version":[{"id":441,"href":"https:\/\/acfoi.com\/index.php\/wp-json\/wp\/v2\/pages\/440\/revisions\/441"}],"up":[{"embeddable":true,"href":"https:\/\/acfoi.com\/index.php\/wp-json\/wp\/v2\/pages\/430"}],"wp:attachment":[{"href":"https:\/\/acfoi.com\/index.php\/wp-json\/wp\/v2\/media?parent=440"}],"curies":[{"name":"wp","href":"https:\/\/api.w.org\/{rel}","templated":true}]}}